+ 2*f**2 + 3*f**2 - f**3 + 4*f. Suppose -23 = -3*x - 4*w, -2*w + 11 = x - 0*w. Let g be (-2 + x)/((-5)/15). Calculate d(g).
6
Let r = 7 - 1. Let j(l) = -16 + 30 + 5*l - l**2 - 9. Calculate j(r).
-1
Let r(c) = -6 + 3*c + 20*c**2 - 19*c**2 - 2*c. Give r(-5).
14
Let h(x) = -6*x**2 + x - 1. Let v be 2 - (0 + 5) - -3. Let y be (13 - 1)/2 - 1. Suppose -l + 6*l - y = v. Calculate h(l).
-6
Let p(g) = -g**3 + 4*g**2 - 2. Let d = -24 - -40. Let w = 20 - d. Determine p(w).
-2
Let y be 4/(-4 - (-5 - -3)). Let q(c) = c**2 + 5*c + 2. Calculate q(y).
-4
Let h be (-10)/4*(-24)/20. Suppose 8 = -h*x + 5*x. Let v(b) = 1. Let m(q) = -2*q + 3. Let y(i) = m(i) - 2*v(i). Determine y(x).
-7
Suppose 2*p - 4*p + 6 = 0. Suppose 21 = 3*b + p*q, -5*b + 5 = -q - 0. Let l(u) = -b*u + u - 2*u**2 + 0*u**2 + 0*u. Calculate l(-2).
-6
Let g = 4 + -7. Let i be (36/(-48))/((-2)/8). Let c(u) = 0*u**2 - 3 - u**i - 4*u - 2*u**2 - u**2 + 0*u**2. Give c(g).
9
Let n be 2*(2 + -1 - 0). Let l(j) = -3*j**3 - 4*j**2 + 3*j - 6. Let k(d) = -7*d**3 - 8*d**2 + 7*d - 13. Let f(w) = n*k(w) - 5*l(w). What is f(-4)?
8
Let m(o) = 5*o - 1. Let s be m(1). Suppose -5*l = s*c - 13, -2*l - 1 = -5*c + 7. Let n(d) = -4*d**2 - 2*d**3 + 3*d**3 - 1 + 3*d**c - 2*d**3 - d. Give n(-1).
0
Let u(k) = -k + 7. Let y be (-8)/20 - (-12)/5 - -6. What is u(y)?
-1
Let h(n) = 7*n. Let x(f) = -4*f. Let p(c) = -3*h(c) - 5*x(c). What is p(5)?
-5
Let g(m) be the second derivative of -m**4/12 + m**3/2 + m**2/2 + 13*m. Calculate g(4).
-3
Let y(l) = -8*l**2 + l + 1. Suppose -5*s + 0 - 20 = -2*p, -4*s = 16. Suppose p = -5*b + 2*b + 2*o - 13, -16 = b - 3*o. Give y(b).
-8
Let i(t) = -t**3 + 3*t**2 + t + 12. Let c be i(4). Let d(s) = -s**2 - s - 13. Determine d(c).
-13
Let h(y) = 2*y**2 + 5*y + 3. Let t(g) = g**3 - 5*g**2 + 3*g + 5. Let a be t(3). Calculate h(a).
15
Let l be (5 - 2)*(-3)/(-9). Let u be 4/1 + 1/l. Let x(y) = -5 - y**3 + y**2 + 4*y**2 + 1. Calculate x(u).
-4
Let y(d) be the third derivative of d**6/60 + d**5/30 - d**4/24 - d**3/6 - 34*d**2. Give y(-2).
-7
Suppose 32*c - 33*c = -4. Let j(d) = -d**3 + 3*d**2 + 2*d + 3. Calculate j(c).
-5
Let d(j) = 2*j + 0 - 5 - 5 + 4. What is d(4)?
2
Let f(l) = -l + 2. Let g be f(7). Let v(d) = -5 + 0*d**2 + d**2 + d + 3*d + d**2. Let x(t) = t**2 + 2*t - 2. Let h(p) = g*x(p) + 2*v(p). Give h(-3).
-3
Let o(w) = w**2 - 8*w + 13. Let f be o(6). Let p(y) = -3*y**2 - y. Give p(f).
-4
Let p be 2/(-8) + 2 + (-7)/4. Let b(m) = -m + 2. Calculate b(p).
2
Let t = 167 - 170. Let r(p) = 2*p + 5. What is r(t)?
-1
Let q(c) = -c + 2*c**2 - 4*c**2 + 1 - c**2. Let i(m) = m - 1. Let g be i(-1). What is q(g)?
-9
Let o be ((-6)/9)/((-1)/3). Let g(d) = d**3 - 1. Give g(o).
7
Let h be 3*(1 + 0)/1. Let n(j) = 1 - 5*j + 0*j + 2 + 6*j. Determine n(h).
6
Let h(s) be the first derivative of -s**5/60 + s**4/12 + 7*s**3/6 - s**2/2 - 10. Let p(o) be the second derivative of h(o). What is p(5)?
-8
Suppose -6*w = -2*w. Suppose 4*h = -h + 10. Let m(n) = -5 + n**h - n**3 + 0 + 1. Give m(w).
-4
Let x be -6*(-4)/(-1*4). Let b(z) = -12 - 2*z + 0*z + z. Determine b(x).
-6
Suppose 65 = 3*w + 4*p, 0*p - 15 = -3*p. Let q = w - 10. Let i(m) = m. Let h(o) = 3*o + 1. Let g(y) = -h(y) + 2*i(y). What is g(q)?
-6
Let j(p) = -p**2 + p - 1. Let y(h) = h**2 - h + 9. Let b(q) = 2*q**2 + 8. Let v(o) = -3*b(o) + 2*y(o). Let m(i) = -3*j(i) + v(i). Calculate m(-3).
3
Let c(y) be the first derivative of y**6/120 + y**5/15 - y**4/4 + y**3 + 3*y**2/2 + 8. Let k(o) be the second derivative of c(o). What is k(-5)?
11
Suppose -3*q + 0*q + 9 = 0. Let b(k) = 2*k - 4*k**2 + 0*k**2 + 1 - q*k. Let s = 29 + -28. Calculate b(s).
-4
Let f(o) = -o + 1. Suppose 0 = 5*y + 4 + 6. Let r be 0/2 - y - 2. Suppose -4*u = -2*b - r - 18, -2*b + 5*u - 23 = 0. What is f(b)?
0
Let y(c) = -2*c + 4*c + 9 + c**2 + 5*c. Give y(-6).
3
Suppose -d - 17 = 4*n, 13 = 2*d - 6*d - 5*n. Let k(u) be the second derivative of -1/6*u**3 + 1/12*u**4 - u + 0 + 1/2*u**2. Calculate k(d).
7
Let n = 4 - 3. Let z = 4 + n. Let k(o) = 0 - 3 + o + z. Calculate k(-6).
-4
Let v be 21/(-8)*(-12)/18. Let a(h) be the first derivative of -h**2 + 1 - 1/3*h**3 - h + v*h**4. Determine a(-1).
-7
Let t(x) = -x**3 + 3*x**2 + x - 2. Let h(w) = w**3 + 4*w**2 + 2*w - 1. Let z be h(-2). Determine t(z).
1
Let w be (-18)/(-5) - 8/(-20). Let q = w - 4. Let l(o) = o**3 + o**2 + 9. Determine l(q).
9
Let d(r) be the third derivative of r**5/60 + 7*r**4/24 + r**3 + 20*r**2. What is d(-5)?
-4
Let y(i) = 0*i**3 - 376*i**2 - 8 + 9*i + i**3 + 386*i**2. Determine y(-9).
-8
Suppose 0 = 3*f - 0*f - 9. Suppose z - f*z - 4*w - 24 = 0, -20 = 5*z + 2*w. Let q(t) = -t**2 - 2*t - 3. Calculate q(z).
-3
Let p = -3 - 0. Let u(z) = -2*z**2 + 1 + z - 4*z + 2. Determine u(p).
-6
Let z(k) = -7*k - 3. Let t be (-2)/11 + (-171)/(-33). Let p(m) = -m. Let j(i) = t*p(i) - z(i). What is j(-5)?
-7
Suppose u + 2*m = 6*u + 38, -50 = 5*u - 5*m. Let g(p) be the second derivative of p**3/3 + 7*p**2/2 - 3*p. Calculate g(u).
-5
Let p(z) be the second derivative of z**4/12 + 3*z**3/2 + 9*z**2/2 + z. Let t be p(-7). Let g(f) = -f**2 - 3*f + 6. Give g(t).
-4
Let c(w) = 15 - 5*w**2 - 6*w + 7*w + w**3 - 14. Suppose 19 = 3*d - 2*r, -2*d - 3*d + 27 = -r. Let f = d + -1. Give c(f).
-11
Let f(u) = 5 - 2 - u**2 + 2*u - 1. Suppose -c = -o + 3*c + 18, -c = 5*o - 6. Suppose -k + o = -2*q + 3*q, 0 = 5*q + 5. Give f(k).
-1
Let f(p) be the first derivative of 5/3*p**3 - 2*p**2 - 2 + p - 1/4*p**4. Let x = -6 + 10. What is f(x)?
1
Let n(l) = -2*l - 4*l + 0*l - 1. Determine n(-3).
17
Suppose 6 = 2*h - 4, 2*o + 3*h = 25. Let c(n) = -n**3 + 6*n**2 - 4*n - 7. Determine c(o).
-2
Suppose 0 = -3*x + 4 + 20. Let k(g) = -g - x*g + g - 1 - g. Determine k(1).
-10
Suppose -5*i - 25 = 0, 0 = 2*w - w - 3*i - 17. Let n(z) = -3*z**2 + 3*z - 3. What is n(w)?
-9
Let u(t) be the third derivative of 1/24*t**4 - t**2 - 1/90*t**6 + 0 - 1/60*t**5 + 0*t + 1/6*t**3. Let q(w) be the first derivative of u(w). Calculate q(1).
-5
Let p(a) = 4*a - 6. Let r(u) = -8*u + 13. Let n(w) = 5*p(w) + 2*r(w). Calculate n(-3).
-16
Let t(r) = -2*r**2 + 2*r - 1. Let q = -4 + 1. Let h = q + 5. Let u be (-2)/3*(-3)/h. Calculate t(u).
-1
Suppose 0 = r - 2. Let f(b) be the second derivative of -b**6/360 + b**5/40 + b**3/2 + 3*b. Let n(c) be the second derivative of f(c). What is n(r)?
2
Let h(r) = -r**3 - 5*r**2 - 3*r - 2. Suppose -5*d - 4 = 4*f + 23, -5*d + 4*f = 3. Determine h(d).
-11
Let g(h) = -h. Let r(q) = 2*q - 2. Let f(v) = 5*g(v) + r(v). Give f(-2).
4
Suppose 5*r = -w + 7, 3*r + 5 = -w + 8. Let y(i) = i**2 - 4. Determine y(w).
5
Let t(x) = -4*x. Suppose 0*m - 10 = 5*m. What is t(m)?
8
Let f(m) = m**2 + 3 + 4*m - 2*m**2 - 2*m. Suppose 11*s = 10*s + 3. Give f(s).
0
Let v be 0 - (1 - 5/(-1)). Let k be 20/v*(-12)/8. Let s(h) = -h**3 + 5 - 3*h**2 + k*h - 4*h**2 + 3*h**2. Calculate s(-5).
5
Let p(u) = -3*u - 5 + 7*u - 3 - 5*u. Give p(-7).
-1
Let l(g) be the second derivative of -g**5/60 - g**4/24 + 5*g**3/3 - g**2/2 + 3*g. Let s(m) be the first derivative of l(m). Determine s(0).
10
Let t(n) = -n + 15. Let i be t(12). Suppose 0 = 5*v - 13 + i. Let p(y) be the first derivative of -y**4/4 + 2*y**3/3 - y**2 + 2. Calculate p(v).
-4
Suppose 2*g + s = 63, -2*g - 4*s + 42 = -30. Let p = g - 20. Suppose 5*b = -2*q - 15, 6*q - p = 3*q - b. Let i(h) = h**2 - 4*h - 7. What is i(q)?
-2
Let j(z) = z**3 + 5*z**2 + 4*z + 3. Let m be j(-4). Suppose m*x + 15 = 0, -14 - 11 = -r + 4*x. Let k(y) = 0*y**2 - y**2 + 4*y + 1 + 0 - y. Give k(r).
-9
Let b(g) = -g**3 + 3*g**2 + g - 1. Let k(v) = -v**3 - 14*v**2 - 10*v + 19. Let h be k(-13). Let y be ((-10)/25)/(2/h). Calculate b(y).
-13
Let d(k) = -k**2 + 5*k + 2. Let m(g) = -g + 8. Let c be m(2). What is d(c)?
-4
Let a(z) = -z**2 + 5*z - 1. Let c be (-72)/81*3*6/(-4). Determine a(c).
3
Let a(m) = 3*m**2 + 2*m + 1. Let v be a(-1). Let o(r) = -7*r + 3. What is o(v)?
-11
Let r(p) be the second derivative of -p**4/12 - p**3/6 - 2*p**2 - p. Let h = -41 + 41. Determine r(h).
-4
Let d = -18 - -15. Let s(o) = o**2 + 3*o - 1. What is s(d)?
-1
Let s(z) be the third derivative of -1/20*z**5 + 1/120*z**6 - 5/24*z**4 - 1/6*z**3 + 0*z + 2*z**2 + 0. What is s(4)?
-5
Let z(d) = d - 1. Let s(l) = l**2 + 13*l - 10. Let u(p) = -s(p) + 2*z(p). Determine u(-12).
-4
Let r(a) = -a**3 - 4*a**2 - a + 4. Le